4*a + c + 15, 4*o - a - 4 = 0. Suppose o*n + 119 = 2*n + 5*z, 4*z = -4*n + 220. List the prime factors of n.
2, 13
Let s = -113 + 191. Let z = 110 - s. What are the prime factors of z?
2
Let m = -3 + 32. Let q = -27 + m. Suppose -43 = -y + 4*n, -q*y - 4*n = -0*y - 86. What are the prime factors of y?
43
Let c = -3409 + 7277. What are the prime factors of c?
2, 967
Let l = -3119 + 4461. What are the prime factors of l?
2, 11, 61
Let j(v) = -2*v**2 - v + 2. Let d be j(2). Let l be (-26)/d - (-6)/8. Suppose 2*i = -4*u + 30, -i + 5*u - 50 = -l*i. What are the prime factors of i?
5
Let h = -2041 - -3154. List the prime factors of h.
3, 7, 53
Suppose 4*f + 3 = 3*f. Let h be ((-8)/f)/(6/261). Suppose 0 = -5*c + h + 34. List the prime factors of c.
2, 3, 5
Let f(a) = -5*a**3 - 2*a**2 - 6*a + 25. What are the prime factors of f(-6)?
1069
Suppose 0 = -10*p + 3*p + 42. Suppose -144 = p*c - 9*c. Suppose 0 = 4*m - c - 56. List the prime factors of m.
2, 13
Let a = 1475 - 111. List the prime factors of a.
2, 11, 31
Suppose 5*s + 38 = -2*v, 2*s + 4*v + 4 = -8. Let i(g) = -g**3 - 6*g**2 + 7*g - 18. List the prime factors of i(s).
2, 3
Let n = 10 - 6. Let j(q) be the second derivative of q**3 + 5*q**2/2 - q + 98. What are the prime factors of j(n)?
29
Let b = -17 + 21. Let l be b/(-6)*(-27)/2. Suppose l = 3*r - 24. What are the prime factors of r?
11
Let n = 4678 + -2446. What are the prime factors of n?
2, 3, 31
Let l(g) = -109*g - 25. What are the prime factors of l(-2)?
193
Let g(n) = n**3 - 2*n**2 + 10*n - 6. Suppose 2*d = -0*d + 2, -3*d = -x + 1. List the prime factors of g(x).
2, 3, 11
Let a = 965 - 323. What are the prime factors of a?
2, 3, 107
What are the prime factors of ((-11002)/(-18) - 2) + (-6)/27?
3, 7, 29
Let y = 9 - -26. Let i = 99 - y. What are the prime factors of i?
2
Let f = 963 - -179. List the prime factors of f.
2, 571
Let m(n) = -5*n**3 - 4*n**2 + 2*n + 9. List the prime factors of m(-5).
2, 131
List the prime factors of (-8)/(-64)*-4*-354.
3, 59
Let m(x) = x**3 + 10*x**2 - 24*x. Let p be m(-12). Suppose p = -7*u + 9*u - 190. List the prime factors of u.
5, 19
List the prime factors of 3/(-4)*(-24 + -436).
3, 5, 23
Let y = 239 + -149. Suppose 2*q = -5*o + y, -128 = -2*q - q - 4*o. Let n = q - -10. What are the prime factors of n?
2, 5
Let r(q) = 584*q**2 + 60*q - 193. What are the prime factors of r(3)?
7, 107
Let t(h) be the first derivative of h**4/4 + 3*h**3 + 3*h**2 - 2*h + 2. Let w be t(-7). Let g = w + -35. What are the prime factors of g?
19
Suppose -5*r + 1880 = -c - 734, -5*c - 542 = -r. List the prime factors of r.
2, 3, 29
Let i(k) = -k + 6. Let c be i(6). Suppose 0 = -c*z + 3*z. List the prime factors of -2 + 3 + z + 2.
3
Let a(d) = -d + 1. Let w be a(7). Let z = w + 40. List the prime factors of z.
2, 17
Let a be (-4)/10*-5 + 2. Suppose -a*h - 4*k + 36 = 0, 2*k + 3*k = 2*h - 32. What are the prime factors of h?
11
Suppose -4*a + 3*x = 168, 2*a + a - 5*x = -126. Let u be 10*(-4 + a/(-10)). Suppose -u*c - 5*k + 39 = -0*k, 0 = -2*c + k + 9. List the prime factors of c.
7
Suppose -6*r + 30 = -0. Suppose 4*y = -3*d + 224, -3*d - d - 311 = -r*y. What are the prime factors of y?
59
Let g(a) = a**3 + 5*a**2 - 15*a - 3. Let q be g(-7). Suppose 3*k - 1 = -k - c, 5*c = q*k + 5. Let v(h) = h**2 - h + 34. List the prime factors of v(k).
2, 17
Let x = 102 + 12. Suppose -x = 2*r - 376. What are the prime factors of r?
131
List the prime factors of 1342 - (3/3)/((-8)/16).
2, 3, 7
Let w be 11/(22/204) + -1. Let x = w + -67. List the prime factors of x.
2, 17
Suppose -5*g - 2*t + 14713 = 0, 3*g - 47*t + 50*t = 8826. List the prime factors of g.
3, 109
Suppose 0 = 3*t + w + 2*w - 2439, -5*t + 4081 = w. What are the prime factors of t?
19, 43
Let g(o) = -27*o + 6. Let x be g(9). What are the prime factors of (x/6)/((-1)/2)?
79
Suppose -4*f = -n - 29, 5*f + 2*n - 24 = 9. Suppose -264 = -f*h + h. List the prime factors of h.
2, 11
Suppose -r = -h + 4*h - 1215, -3 = -h. List the prime factors of r.
2, 3, 67
Suppose -7*z + 1894 + 1074 = 0. What are the prime factors of (4/(48/9))/(2/z)?
3, 53
Let b(k) = -4*k + 2*k + 3*k + 0 - 2. Let a be b(7). Suppose 6*y = a*y + 49. What are the prime factors of y?
7
What are the prime factors of (7460/(-15)*3)/(-2)?
2, 373
Suppose 23*i + 4*o - 2264 = 20*i, 4*i - 3025 = o. List the prime factors of i.
2, 3, 7
Suppose -791 = 22*r - 23*r. What are the prime factors of r?
7, 113
Suppose 0*j - 435 = -3*j. What are the prime factors of j?
5, 29
Let l = 685 - 427. List the prime factors of l.
2, 3, 43
Suppose 2*t = -3*j + 4117, -2*t + 2*j = -3750 - 362. List the prime factors of t.
11, 17
Let f be (-102)/(-255) - (38/(-5) - -1). Let a = -5 - -19. What are the prime factors of f*((-4)/a + 4)?
2, 13
Suppose -6*n = -12*n + 3606. Suppose 5*a - 955 = -5*b, -3*b + 3*a + n = -a. List the prime factors of b.
3, 5, 13
Let a = 4041 + -2863. List the prime factors of a.
2, 19, 31
Let l(u) = -u**2 + 8*u + 2. Let x be l(8). Suppose 3*y - 473 + 4 = 2*m, x = 2*m. What are the prime factors of y?
157
Let z(h) = -h - 1. Let c(u) = -u + 21. Let o(f) = -c(f) - 4*z(f). Let s be o(7). Let m = 32 + s. What are the prime factors of m?
2, 5
Suppose -65*p = -68*p + 1317. List the prime factors of p.
439
Let g = 17 - -311. List the prime factors of g.
2, 41
List the prime factors of (32616/8)/(-9)*(-1)/1.
3, 151
Let n(c) be the second derivative of c**4/3 + c**3/6 - 11*c**2/2 - 49*c. What are the prime factors of n(-8)?
3, 79
Suppose -13 = -3*c + 2. Let x = 12 + c. List the prime factors of x.
17
Suppose 4*g - 6269 = -3*i, -4*g + 3476 + 2818 = -2*i. List the prime factors of g.
1571
List the prime factors of (-1)/(-2) - (4575/(-10) + 7).
11, 41
Let u be -16*(5 - 4)*4. Let o be (2 - -10)*u/6. What are the prime factors of 2/(-2*2/o)?
2
Suppose x = k + 1247, -x - k - 505 + 1746 = 0. What are the prime factors of x?
2, 311
Suppose -3*u + u + 90 = 0. Suppose -t - 2*t = -u. Let j = t - 11. List the prime factors of j.
2
Suppose -2*q + 564 = 142. Let o(b) = -64*b**3 + b**2 + 4*b + 4. Let a be o(-1). Suppose 4*u = q + a. List the prime factors of u.
3, 23
Suppose 393*t - 1380 = 387*t. What are the prime factors of t?
2, 5, 23
Let f = 715 - 219. What are the prime factors of f?
2, 31
Let l(c) = -c**3 + 8*c**2 - 8*c + 2. Let x(q) = 1. Let v(r) = -l(r) - 2*x(r). Let t be v(7). Suppose -1 = 2*z - z, 3*a - 15 = -t*z. List the prime factors of a.
2, 3
Suppose 279 + 4289 = g. What are the prime factors of g/24 + ((-24)/(-9))/4?
191
Let g = -1105 - -2059. What are the prime factors of g?
2, 3, 53
Let p(n) = -n**2 - 4*n + 1. Let s be p(-6). Let k = s - -13. Suppose c + 63 = k*c. What are the prime factors of c?
3, 7
List the prime factors of -6*1 - (-5 + 6475/(-7)).
2, 3, 7, 11
Let b = 5 - 3. Suppose d - 6 = b*l, d + 16 = 5*d. List the prime factors of (-7)/l + 0 + -1.
2, 3
Let v be -5*(-2)/(-4)*(-222)/5. Suppose -v = -5*t + 214. List the prime factors of t.
5, 13
Suppose 199 = -12*c - 269. Let v be (-5)/20 - (-5)/4. Let g = v - c. List the prime factors of g.
2, 5
Let v(g) be the first derivative of g**4/4 - 23*g**3/3 - 43*g**2/2 + 30*g - 20. What are the prime factors of v(25)?
5, 41
Suppose 2*y = -0*y. Suppose -3*i + z = -18, -4*z = -i - y*z + 17. Suppose -i*b + b = -20. List the prime factors of b.
5
Let v(t) be the first derivative of t**4/4 - 16*t**3/3 - 27*t**2/2 + 2*t + 5. List the prime factors of v(18).
2, 41
Let j = 22 + -19. List the prime factors of 132*(-2 + j) - (9 - 9).
2, 3, 11
Suppose 3*z = 7*f - 2*f - 1, f + 13 = 5*z. Suppose 0 = o - 3*h - 0 + f, -4*h + 8 = 0. Suppose -2*i + 14 = o*r, 0 - 28 = -4*i + 2*r. List the prime factors of i.
7
Suppose -387 = -3*y - 3. Suppose -3*p - 4*b - 98 = 0, 0*p + 4*b = -4*p - y. List the prime factors of (-2 - 0)/(3/p).
2, 5
Let x = 53 - 54. Let w(j) = -j**3 + 3*j**2 + 2*j + 5. Let i be w(4). List the prime factors of (4 + x)/((-1)/i).
3
Let b = 818 - 605. List the prime factors of b.
3, 71
Suppose 4*w + 15 = 9*w. Let r be (-5)/((-5)/15*w). Suppose 6*m = r*m + 36. What are the prime factors of m?
2, 3
Let y be ((-418)/4*1)/(23/(-92)). Suppose 0 = 5*s - y - 277. What are the prime factors of s?
139
Let y(f) = 2*f**2 + 11*f - 9. Let n(v) = -10*v + 9. Let r be n(2). What are the prime factors of y(r)?
2, 7